{"id":103,"date":"2026-01-02T15:28:43","date_gmt":"2026-01-02T15:28:43","guid":{"rendered":"https:\/\/www.robin-rick.de\/?page_id=103"},"modified":"2026-01-02T16:07:54","modified_gmt":"2026-01-02T16:07:54","slug":"hochzeit-feier","status":"publish","type":"page","link":"https:\/\/www.robin-rick.de\/index.php\/hochzeit-feier\/","title":{"rendered":"Hochzeit Feier"},"content":{"rendered":"\t\t<div data-elementor-type=\"wp-page\" data-elementor-id=\"103\" class=\"elementor elementor-103\" data-elementor-post-type=\"page\">\n\t\t\t\t<div class=\"elementor-element elementor-element-781f82a e-con-full e-flex e-con e-parent\" data-id=\"781f82a\" data-element_type=\"container\">\n\t\t\t\t<div class=\"elementor-element elementor-element-4e01948f elementor--h-position-center elementor--v-position-middle elementor-arrows-position-inside elementor-pagination-position-inside elementor-widget elementor-widget-slides\" data-id=\"4e01948f\" data-element_type=\"widget\" data-settings=\"{&quot;transition_speed&quot;:1000,&quot;navigation&quot;:&quot;both&quot;,&quot;autoplay&quot;:&quot;yes&quot;,&quot;pause_on_hover&quot;:&quot;yes&quot;,&quot;pause_on_interaction&quot;:&quot;yes&quot;,&quot;autoplay_speed&quot;:5000,&quot;infinite&quot;:&quot;yes&quot;,&quot;transition&quot;:&quot;slide&quot;}\" data-widget_type=\"slides.default\">\n\t\t\t\t\t\t\t\t\t\t<div class=\"elementor-slides-wrapper elementor-main-swiper swiper\" role=\"region\" aria-roledescription=\"carousel\" aria-label=\"Slider\" dir=\"ltr\" data-animation=\"fadeInUp\">\n\t\t\t\t<div class=\"swiper-wrapper elementor-slides\">\n\t\t\t\t\t\t\t\t\t\t<div class=\"elementor-repeater-item-ffc8dcf swiper-slide\" role=\"group\" aria-roledescription=\"slide\"><div class=\"swiper-slide-bg\" role=\"img\" aria-label=\"IMG_1671\"><\/div><div class=\"swiper-slide-inner\" ><div class=\"swiper-slide-contents\"><div class=\"elementor-slide-description\">Jacqueline<br\/>\n&nbsp;&nbsp;&nbsp;&nbsp;&nbsp;&nbsp;&nbsp;&nbsp;and<br\/>\n&nbsp;&nbsp;&nbsp;&nbsp;&nbsp;&nbsp;&nbsp;&nbsp;&nbsp;Robin<\/div><\/div><\/div><\/div>\t\t\t\t<\/div>\n\t\t\t\t\t\t\t<\/div>\n\t\t\t\t\t\t\t\t<\/div>\n\t\t\t\t<\/div>\n\t\t<div class=\"elementor-element elementor-element-7bfdfa3c e-con-full e-flex e-con e-parent\" data-id=\"7bfdfa3c\" data-element_type=\"container\">\n\t\t\t\t<div class=\"elementor-element elementor-element-6901d0de elementor-widget elementor-widget-text-editor\" data-id=\"6901d0de\" data-element_type=\"widget\" data-widget_type=\"text-editor.default\">\n\t\t\t\t\t\t\t\t\t<p>We invite you to<\/p>\t\t\t\t\t\t\t\t<\/div>\n\t\t\t\t<div class=\"elementor-element elementor-element-69fb01b7 elementor-widget elementor-widget-text-editor\" data-id=\"69fb01b7\" data-element_type=\"widget\" data-widget_type=\"text-editor.default\">\n\t\t\t\t\t\t\t\t\t<p>CELEBRATE OUR WEDDING<\/p>\t\t\t\t\t\t\t\t<\/div>\n\t\t\t\t<div class=\"elementor-element elementor-element-30ea3a4d elementor-widget elementor-widget-image\" data-id=\"30ea3a4d\" data-element_type=\"widget\" data-widget_type=\"image.default\">\n\t\t\t\t\t\t\t\t\t\t\t\t\t\t\t<img fetchpriority=\"high\" decoding=\"async\" width=\"1024\" height=\"1024\" src=\"https:\/\/www.robin-rick.de\/wp-content\/uploads\/2026\/01\/feier-datum-1024x1024.webp\" class=\"attachment-large size-large wp-image-108\" alt=\"\" srcset=\"https:\/\/www.robin-rick.de\/wp-content\/uploads\/2026\/01\/feier-datum-1024x1024.webp 1024w, https:\/\/www.robin-rick.de\/wp-content\/uploads\/2026\/01\/feier-datum-300x300.webp 300w, https:\/\/www.robin-rick.de\/wp-content\/uploads\/2026\/01\/feier-datum-150x150.webp 150w, https:\/\/www.robin-rick.de\/wp-content\/uploads\/2026\/01\/feier-datum-768x768.webp 768w, https:\/\/www.robin-rick.de\/wp-content\/uploads\/2026\/01\/feier-datum.webp 1080w\" sizes=\"(max-width: 1024px) 100vw, 1024px\" \/>\t\t\t\t\t\t\t\t\t\t\t\t\t\t\t<\/div>\n\t\t\t\t<\/div>\n\t\t<div class=\"elementor-element elementor-element-299e7c7 e-flex e-con-boxed e-con e-parent\" data-id=\"299e7c7\" data-element_type=\"container\" data-settings=\"{&quot;background_background&quot;:&quot;classic&quot;}\">\n\t\t\t\t\t<div class=\"e-con-inner\">\n\t\t\t\t<div class=\"elementor-element elementor-element-33569cea elementor-widget elementor-widget-text-editor\" data-id=\"33569cea\" data-element_type=\"widget\" data-widget_type=\"text-editor.default\">\n\t\t\t\t\t\t\t\t\t<p style=\"text-align: center;\">Wir freuen uns euch um <strong>17:00<\/strong> <strong>Uhr<\/strong> bei Bauer S\u00fcdfeld:<\/p><p style=\"text-align: center;\"><strong>Backumer Str. 416<br \/>45701 Herten<\/strong><\/p><p style=\"text-align: center;\">zu unserer Hochzeitsfeier einzuladen.<\/p>\t\t\t\t\t\t\t\t<\/div>\n\t\t\t\t\t<\/div>\n\t\t\t\t<\/div>\n\t\t<div class=\"elementor-element elementor-element-368cd9bc e-flex e-con-boxed e-con e-parent\" data-id=\"368cd9bc\" data-element_type=\"container\">\n\t\t\t\t\t<div class=\"e-con-inner\">\n\t\t\t\t<div class=\"elementor-element elementor-element-16d58807 elementor-widget elementor-widget-google_maps\" data-id=\"16d58807\" data-element_type=\"widget\" data-widget_type=\"google_maps.default\">\n\t\t\t\t\t\t\t<div class=\"elementor-custom-embed\">\n\t\t\t<iframe loading=\"lazy\"\n\t\t\t\t\tsrc=\"https:\/\/maps.google.com\/maps?q=Bauer%20S%C3%BCdfeld%2C%20Herten&#038;t=m&#038;z=13&#038;output=embed&#038;iwloc=near\"\n\t\t\t\t\ttitle=\"Bauer S\u00fcdfeld, Herten\"\n\t\t\t\t\taria-label=\"Bauer S\u00fcdfeld, Herten\"\n\t\t\t><\/iframe>\n\t\t<\/div>\n\t\t\t\t\t\t<\/div>\n\t\t\t\t\t<\/div>\n\t\t\t\t<\/div>\n\t\t<div class=\"elementor-element elementor-element-4b29d4e9 e-flex e-con-boxed e-con e-parent\" data-id=\"4b29d4e9\" data-element_type=\"container\">\n\t\t\t\t\t<div class=\"e-con-inner\">\n\t\t\t\t<div class=\"elementor-element elementor-element-5b9c1352 elementor-widget elementor-widget-text-editor\" data-id=\"5b9c1352\" data-element_type=\"widget\" data-widget_type=\"text-editor.default\">\n\t\t\t\t\t\t\t\t\t<p style=\"text-align: center;\">The Details<\/p>\t\t\t\t\t\t\t\t<\/div>\n\t\t\t\t<div class=\"elementor-element elementor-element-10ca2c0c elementor-widget elementor-widget-text-editor\" data-id=\"10ca2c0c\" data-element_type=\"widget\" data-widget_type=\"text-editor.default\">\n\t\t\t\t\t\t\t\t\t<p style=\"text-align: center;\">Wir w\u00fcrden uns freuen, euch im Dresscode <b>Cocktail<\/b> und in folgenden Farbt\u00f6nen zu begr\u00fc\u00dfen:<\/p>\t\t\t\t\t\t\t\t<\/div>\n\t\t\t\t<div class=\"elementor-element elementor-element-3e47ba6b elementor-widget elementor-widget-image\" data-id=\"3e47ba6b\" data-element_type=\"widget\" data-widget_type=\"image.default\">\n\t\t\t\t\t\t\t\t\t\t\t\t\t\t\t<img decoding=\"async\" width=\"1024\" height=\"566\" src=\"https:\/\/www.robin-rick.de\/wp-content\/uploads\/2026\/01\/desscode-farben-1024x566.jpg\" class=\"attachment-large size-large wp-image-78\" alt=\"\" srcset=\"https:\/\/www.robin-rick.de\/wp-content\/uploads\/2026\/01\/desscode-farben-1024x566.jpg 1024w, https:\/\/www.robin-rick.de\/wp-content\/uploads\/2026\/01\/desscode-farben-300x166.jpg 300w, https:\/\/www.robin-rick.de\/wp-content\/uploads\/2026\/01\/desscode-farben-768x425.jpg 768w, https:\/\/www.robin-rick.de\/wp-content\/uploads\/2026\/01\/desscode-farben-1536x849.jpg 1536w, https:\/\/www.robin-rick.de\/wp-content\/uploads\/2026\/01\/desscode-farben.jpg 1800w\" sizes=\"(max-width: 1024px) 100vw, 1024px\" \/>\t\t\t\t\t\t\t\t\t\t\t\t\t\t\t<\/div>\n\t\t\t\t<div class=\"elementor-element elementor-element-d439ff8 elementor-widget elementor-widget-text-editor\" data-id=\"d439ff8\" data-element_type=\"widget\" data-widget_type=\"text-editor.default\">\n\t\t\t\t\t\t\t\t\t<p style=\"text-align: center;\">Wir w\u00fcnschen uns an unserem Hochzeitstag eine ausgelassene entspannte Feier mit euch und m\u00f6chten euch darum bitten auf Hochzeitsspiele zu verzichten.<br>Reden, Fotos etc. sind nat\u00fcrlich trotzdem erlaubt.<\/p>\n<p style=\"text-align: center;\">F\u00fcr Fragen oder Planungen steht euch Katha zur Verf\u00fcgung:<\/p>\n<p style=\"text-align: center;\">Katharina Zoschke<br>Tel.: 01783202251<\/p>\n<p style=\"text-align: center;\"><strong>Mit euch zu feiern ist f\u00fcr uns das gr\u00f6\u00dfte Geschenk!&nbsp;<\/strong>Wenn ihr uns jedoch etwas schenken m\u00f6chtet, freuen wir uns, wenn ihr unsere Flitterwochen mit einem kleinen Beitrag unterst\u00fctzt.<\/p>\t\t\t\t\t\t\t\t<\/div>\n\t\t\t\t\t<\/div>\n\t\t\t\t<\/div>\n\t\t<div class=\"elementor-element elementor-element-cd6d48f e-flex e-con-boxed e-con e-parent\" data-id=\"cd6d48f\" data-element_type=\"container\" data-settings=\"{&quot;background_background&quot;:&quot;classic&quot;}\">\n\t\t\t\t\t<div class=\"e-con-inner\">\n\t\t\t\t<div class=\"elementor-element elementor-element-cd24fe8 elementor-widget elementor-widget-text-editor\" data-id=\"cd24fe8\" data-element_type=\"widget\" data-widget_type=\"text-editor.default\">\n\t\t\t\t\t\t\t\t\t<p style=\"text-align: center;\">Timeline<\/p>\t\t\t\t\t\t\t\t<\/div>\n\t\t\t\t<div class=\"elementor-element elementor-element-b7bdc8d elementor-widget elementor-widget-image\" data-id=\"b7bdc8d\" data-element_type=\"widget\" data-widget_type=\"image.default\">\n\t\t\t\t\t\t\t\t\t\t\t\t\t\t\t<img decoding=\"async\" width=\"880\" height=\"1024\" src=\"https:\/\/www.robin-rick.de\/wp-content\/uploads\/2026\/01\/timeline-feier-880x1024.webp\" class=\"attachment-large size-large wp-image-109\" alt=\"\" srcset=\"https:\/\/www.robin-rick.de\/wp-content\/uploads\/2026\/01\/timeline-feier-880x1024.webp 880w, https:\/\/www.robin-rick.de\/wp-content\/uploads\/2026\/01\/timeline-feier-258x300.webp 258w, https:\/\/www.robin-rick.de\/wp-content\/uploads\/2026\/01\/timeline-feier-768x894.webp 768w, https:\/\/www.robin-rick.de\/wp-content\/uploads\/2026\/01\/timeline-feier.webp 905w\" sizes=\"(max-width: 880px) 100vw, 880px\" \/>\t\t\t\t\t\t\t\t\t\t\t\t\t\t\t<\/div>\n\t\t\t\t\t<\/div>\n\t\t\t\t<\/div>\n\t\t<div class=\"elementor-element elementor-element-7d553c7 e-flex e-con-boxed e-con e-parent\" data-id=\"7d553c7\" data-element_type=\"container\">\n\t\t\t\t\t<div class=\"e-con-inner\">\n\t\t<div class=\"elementor-element elementor-element-ab517cd e-con-full e-flex e-con e-child\" data-id=\"ab517cd\" data-element_type=\"container\">\n\t\t\t\t<div class=\"elementor-element elementor-element-69459aa elementor-widget elementor-widget-text-editor\" data-id=\"69459aa\" data-element_type=\"widget\" data-widget_type=\"text-editor.default\">\n\t\t\t\t\t\t\t\t\t<p style=\"text-align: left;\">kindly<\/p>\t\t\t\t\t\t\t\t<\/div>\n\t\t\t\t<div class=\"elementor-element elementor-element-ffe59a7 elementor-widget elementor-widget-text-editor\" data-id=\"ffe59a7\" data-element_type=\"widget\" data-widget_type=\"text-editor.default\">\n\t\t\t\t\t\t\t\t\t<p>RSVP<\/p>\n<p><\/p>\t\t\t\t\t\t\t\t<\/div>\n\t\t\t\t<div class=\"elementor-element elementor-element-f8484cd elementor-widget elementor-widget-text-editor\" data-id=\"f8484cd\" data-element_type=\"widget\" data-widget_type=\"text-editor.default\">\n\t\t\t\t\t\t\t\t\t<p>Bitte gebt uns bis Ende Mai eine R\u00fcckmeldung.<\/p>\t\t\t\t\t\t\t\t<\/div>\n\t\t\t\t<div class=\"elementor-element elementor-element-e314a99 elementor-button-align-stretch elementor-widget elementor-widget-form\" data-id=\"e314a99\" data-element_type=\"widget\" data-settings=\"{&quot;step_next_label&quot;:&quot;N\\u00e4chster&quot;,&quot;step_previous_label&quot;:&quot;Voriger&quot;,&quot;button_width&quot;:&quot;100&quot;,&quot;step_type&quot;:&quot;number_text&quot;,&quot;step_icon_shape&quot;:&quot;circle&quot;}\" data-widget_type=\"form.default\">\n\t\t\t\t\t\t\t<form class=\"elementor-form\" method=\"post\" name=\"Neues Formular\" aria-label=\"Neues Formular\">\n\t\t\t<input type=\"hidden\" name=\"post_id\" value=\"103\"\/>\n\t\t\t<input type=\"hidden\" name=\"form_id\" value=\"e314a99\"\/>\n\t\t\t<input type=\"hidden\" name=\"referer_title\" value=\"Hochzeit Feier - Robin Rick Music\" \/>\n\n\t\t\t\t\t\t\t<input type=\"hidden\" name=\"queried_id\" value=\"103\"\/>\n\t\t\t\n\t\t\t<div class=\"elementor-form-fields-wrapper elementor-labels-above\">\n\t\t\t\t\t\t\t\t<div class=\"elementor-field-type-text elementor-field-group elementor-column elementor-field-group-name elementor-col-100 elementor-field-required elementor-mark-required\">\n\t\t\t\t\t\t\t\t\t\t\t\t\t<input size=\"1\" type=\"text\" name=\"form_fields[name]\" id=\"form-field-name\" class=\"elementor-field elementor-size-md  elementor-field-textual\" placeholder=\"Name\" required=\"required\">\n\t\t\t\t\t\t\t\t\t\t\t<\/div>\n\t\t\t\t\t\t\t\t<div class=\"elementor-field-type-text\">\n\t\t\t\t\t<input size=\"1\" type=\"text\" name=\"form_fields[field_05345af]\" id=\"form-field-field_05345af\" class=\"elementor-field elementor-size-md \" style=\"display:none !important;\">\t\t\t\t<\/div>\n\t\t\t\t\t\t\t\t<div class=\"elementor-field-type-radio elementor-field-group elementor-column elementor-field-group-field_2262708 elementor-col-100 elementor-field-required elementor-mark-required\">\n\t\t\t\t\t<div class=\"elementor-field-subgroup  \"><span class=\"elementor-field-option\"><input type=\"radio\" value=\"Ja! Das verpasse ich nicht!\" id=\"form-field-field_2262708-0\" name=\"form_fields[field_2262708]\" required=\"required\"> <label for=\"form-field-field_2262708-0\">Ja! Das verpasse ich nicht!<\/label><\/span><span class=\"elementor-field-option\"><input type=\"radio\" value=\"Nein. Tut mit Leid, dass ich es verpasse!\" id=\"form-field-field_2262708-1\" name=\"form_fields[field_2262708]\" required=\"required\"> <label for=\"form-field-field_2262708-1\">Nein. Tut mit Leid, dass ich es verpasse!<\/label><\/span><\/div>\t\t\t\t<\/div>\n\t\t\t\t\t\t\t\t<div class=\"elementor-field-type-number elementor-field-group elementor-column elementor-field-group-field_3670392 elementor-col-100\">\n\t\t\t\t\t\t\t\t\t\t\t\t<label for=\"form-field-field_3670392\" class=\"elementor-field-label\">\n\t\t\t\t\t\t\t\tPersonenzahl\t\t\t\t\t\t\t<\/label>\n\t\t\t\t\t\t\t\t\t<input type=\"number\" name=\"form_fields[field_3670392]\" id=\"form-field-field_3670392\" class=\"elementor-field elementor-size-md  elementor-field-textual\" placeholder=\"Personenzahl\" value=\"1\" min=\"1\" max=\"3\" >\n\t\t\t\t\t\t<\/div>\n\t\t\t\t\t\t\t\t<div class=\"elementor-field-group elementor-column elementor-field-type-submit elementor-col-100 e-form__buttons\">\n\t\t\t\t\t<button class=\"elementor-button elementor-size-sm\" type=\"submit\">\n\t\t\t\t\t\t<span class=\"elementor-button-content-wrapper\">\n\t\t\t\t\t\t\t\t\t\t\t\t\t\t\t\t\t\t\t\t\t\t<span class=\"elementor-button-text\">Senden<\/span>\n\t\t\t\t\t\t\t\t\t\t\t\t\t<\/span>\n\t\t\t\t\t<\/button>\n\t\t\t\t<\/div>\n\t\t\t<\/div>\n\t\t<\/form>\n\t\t\t\t\t\t<\/div>\n\t\t<div class=\"elementor-element elementor-element-043baa9 e-con-full e-flex e-con e-child\" data-id=\"043baa9\" data-element_type=\"container\">\n\t\t\t\t<div class=\"elementor-element elementor-element-21f78d7 elementor-widget elementor-widget-text-editor\" data-id=\"21f78d7\" data-element_type=\"widget\" data-widget_type=\"text-editor.default\">\n\t\t\t\t\t\t\t\t\t<p style=\"text-align: center;\">Thank you!<\/p>\t\t\t\t\t\t\t\t<\/div>\n\t\t\t\t<div class=\"elementor-element elementor-element-bcd493c elementor-widget elementor-widget-text-editor\" data-id=\"bcd493c\" data-element_type=\"widget\" data-widget_type=\"text-editor.default\">\n\t\t\t\t\t\t\t\t\t<p style=\"text-align: center;\">Robin und Jacqueline<\/p>\t\t\t\t\t\t\t\t<\/div>\n\t\t\t\t<\/div>\n\t\t\t\t<\/div>\n\t\t\t\t\t<\/div>\n\t\t\t\t<\/div>\n\t\t\t\t<\/div>\n\t\t","protected":false},"excerpt":{"rendered":"<p>Jacqueline &nbsp;&nbsp;&nbsp;&nbsp;&nbsp;&nbsp;&nbsp;&nbsp;and &nbsp;&nbsp;&nbsp;&nbsp;&nbsp;&nbsp;&nbsp;&nbsp;&nbsp;Robin We invite you to CELEBRATE OUR WEDDING Wir freuen uns euch um 17:00 Uhr bei Bauer S\u00fcdfeld: Backumer Str. 41645701 Herten zu unserer Hochzeitsfeier einzuladen. The Details Wir w\u00fcrden uns freuen, euch im Dresscode Cocktail und in folgenden Farbt\u00f6nen zu begr\u00fc\u00dfen: Wir w\u00fcnschen uns an unserem Hochzeitstag eine ausgelassene entspannte Feier mit [&hellip;]<\/p>\n","protected":false},"author":1,"featured_media":0,"parent":0,"menu_order":0,"comment_status":"closed","ping_status":"closed","template":"elementor_canvas","meta":{"footnotes":""},"class_list":["post-103","page","type-page","status-publish","hentry"],"yoast_head":"<!-- This site is optimized with the Yoast SEO plugin v26.6 - https:\/\/yoast.com\/wordpress\/plugins\/seo\/ -->\n<title>Hochzeit Feier - Robin Rick Music<\/title>\n<meta name=\"robots\" content=\"noindex, nofollow\" \/>\n<meta property=\"og:locale\" content=\"de_DE\" \/>\n<meta property=\"og:type\" content=\"article\" \/>\n<meta property=\"og:title\" content=\"Hochzeit Feier - Robin Rick Music\" \/>\n<meta property=\"og:description\" content=\"Jacqueline &nbsp;&nbsp;&nbsp;&nbsp;&nbsp;&nbsp;&nbsp;&nbsp;and &nbsp;&nbsp;&nbsp;&nbsp;&nbsp;&nbsp;&nbsp;&nbsp;&nbsp;Robin We invite you to CELEBRATE OUR WEDDING Wir freuen uns euch um 17:00 Uhr bei Bauer S\u00fcdfeld: Backumer Str. 41645701 Herten zu unserer Hochzeitsfeier einzuladen. The Details Wir w\u00fcrden uns freuen, euch im Dresscode Cocktail und in folgenden Farbt\u00f6nen zu begr\u00fc\u00dfen: Wir w\u00fcnschen uns an unserem Hochzeitstag eine ausgelassene entspannte Feier mit [&hellip;]\" \/>\n<meta property=\"og:url\" content=\"https:\/\/www.robin-rick.de\/index.php\/hochzeit-feier\/\" \/>\n<meta property=\"og:site_name\" content=\"Robin Rick Music\" \/>\n<meta property=\"article:modified_time\" content=\"2026-01-02T16:07:54+00:00\" \/>\n<meta property=\"og:image\" content=\"https:\/\/www.robin-rick.de\/wp-content\/uploads\/2026\/01\/feier-datum.webp\" \/>\n\t<meta property=\"og:image:width\" content=\"1080\" \/>\n\t<meta property=\"og:image:height\" content=\"1080\" \/>\n\t<meta property=\"og:image:type\" content=\"image\/webp\" \/>\n<meta name=\"twitter:card\" content=\"summary_large_image\" \/>\n<meta name=\"twitter:label1\" content=\"Gesch\u00e4tzte Lesezeit\" \/>\n\t<meta name=\"twitter:data1\" content=\"1\u00a0Minute\" \/>\n<script type=\"application\/ld+json\" class=\"yoast-schema-graph\">{\"@context\":\"https:\/\/schema.org\",\"@graph\":[{\"@type\":\"WebPage\",\"@id\":\"https:\/\/www.robin-rick.de\/index.php\/hochzeit-feier\/\",\"url\":\"https:\/\/www.robin-rick.de\/index.php\/hochzeit-feier\/\",\"name\":\"Hochzeit Feier - Robin Rick Music\",\"isPartOf\":{\"@id\":\"https:\/\/www.robin-rick.de\/#website\"},\"primaryImageOfPage\":{\"@id\":\"https:\/\/www.robin-rick.de\/index.php\/hochzeit-feier\/#primaryimage\"},\"image\":{\"@id\":\"https:\/\/www.robin-rick.de\/index.php\/hochzeit-feier\/#primaryimage\"},\"thumbnailUrl\":\"https:\/\/www.robin-rick.de\/wp-content\/uploads\/2026\/01\/feier-datum-1024x1024.webp\",\"datePublished\":\"2026-01-02T15:28:43+00:00\",\"dateModified\":\"2026-01-02T16:07:54+00:00\",\"breadcrumb\":{\"@id\":\"https:\/\/www.robin-rick.de\/index.php\/hochzeit-feier\/#breadcrumb\"},\"inLanguage\":\"de\",\"potentialAction\":[{\"@type\":\"ReadAction\",\"target\":[\"https:\/\/www.robin-rick.de\/index.php\/hochzeit-feier\/\"]}]},{\"@type\":\"ImageObject\",\"inLanguage\":\"de\",\"@id\":\"https:\/\/www.robin-rick.de\/index.php\/hochzeit-feier\/#primaryimage\",\"url\":\"https:\/\/www.robin-rick.de\/wp-content\/uploads\/2026\/01\/feier-datum.webp\",\"contentUrl\":\"https:\/\/www.robin-rick.de\/wp-content\/uploads\/2026\/01\/feier-datum.webp\",\"width\":1080,\"height\":1080},{\"@type\":\"BreadcrumbList\",\"@id\":\"https:\/\/www.robin-rick.de\/index.php\/hochzeit-feier\/#breadcrumb\",\"itemListElement\":[{\"@type\":\"ListItem\",\"position\":1,\"name\":\"Start\",\"item\":\"https:\/\/www.robin-rick.de\/\"},{\"@type\":\"ListItem\",\"position\":2,\"name\":\"Hochzeit Feier\"}]},{\"@type\":\"WebSite\",\"@id\":\"https:\/\/www.robin-rick.de\/#website\",\"url\":\"https:\/\/www.robin-rick.de\/\",\"name\":\"Robin Rick Music\",\"description\":\"\",\"potentialAction\":[{\"@type\":\"SearchAction\",\"target\":{\"@type\":\"EntryPoint\",\"urlTemplate\":\"https:\/\/www.robin-rick.de\/?s={search_term_string}\"},\"query-input\":{\"@type\":\"PropertyValueSpecification\",\"valueRequired\":true,\"valueName\":\"search_term_string\"}}],\"inLanguage\":\"de\"}]}<\/script>\n<!-- \/ Yoast SEO plugin. -->","yoast_head_json":{"title":"Hochzeit Feier - Robin Rick Music","robots":{"index":"noindex","follow":"nofollow"},"og_locale":"de_DE","og_type":"article","og_title":"Hochzeit Feier - Robin Rick Music","og_description":"Jacqueline &nbsp;&nbsp;&nbsp;&nbsp;&nbsp;&nbsp;&nbsp;&nbsp;and &nbsp;&nbsp;&nbsp;&nbsp;&nbsp;&nbsp;&nbsp;&nbsp;&nbsp;Robin We invite you to CELEBRATE OUR WEDDING Wir freuen uns euch um 17:00 Uhr bei Bauer S\u00fcdfeld: Backumer Str. 41645701 Herten zu unserer Hochzeitsfeier einzuladen. The Details Wir w\u00fcrden uns freuen, euch im Dresscode Cocktail und in folgenden Farbt\u00f6nen zu begr\u00fc\u00dfen: Wir w\u00fcnschen uns an unserem Hochzeitstag eine ausgelassene entspannte Feier mit [&hellip;]","og_url":"https:\/\/www.robin-rick.de\/index.php\/hochzeit-feier\/","og_site_name":"Robin Rick Music","article_modified_time":"2026-01-02T16:07:54+00:00","og_image":[{"width":1080,"height":1080,"url":"https:\/\/www.robin-rick.de\/wp-content\/uploads\/2026\/01\/feier-datum.webp","type":"image\/webp"}],"twitter_card":"summary_large_image","twitter_misc":{"Gesch\u00e4tzte Lesezeit":"1\u00a0Minute"},"schema":{"@context":"https:\/\/schema.org","@graph":[{"@type":"WebPage","@id":"https:\/\/www.robin-rick.de\/index.php\/hochzeit-feier\/","url":"https:\/\/www.robin-rick.de\/index.php\/hochzeit-feier\/","name":"Hochzeit Feier - Robin Rick Music","isPartOf":{"@id":"https:\/\/www.robin-rick.de\/#website"},"primaryImageOfPage":{"@id":"https:\/\/www.robin-rick.de\/index.php\/hochzeit-feier\/#primaryimage"},"image":{"@id":"https:\/\/www.robin-rick.de\/index.php\/hochzeit-feier\/#primaryimage"},"thumbnailUrl":"https:\/\/www.robin-rick.de\/wp-content\/uploads\/2026\/01\/feier-datum-1024x1024.webp","datePublished":"2026-01-02T15:28:43+00:00","dateModified":"2026-01-02T16:07:54+00:00","breadcrumb":{"@id":"https:\/\/www.robin-rick.de\/index.php\/hochzeit-feier\/#breadcrumb"},"inLanguage":"de","potentialAction":[{"@type":"ReadAction","target":["https:\/\/www.robin-rick.de\/index.php\/hochzeit-feier\/"]}]},{"@type":"ImageObject","inLanguage":"de","@id":"https:\/\/www.robin-rick.de\/index.php\/hochzeit-feier\/#primaryimage","url":"https:\/\/www.robin-rick.de\/wp-content\/uploads\/2026\/01\/feier-datum.webp","contentUrl":"https:\/\/www.robin-rick.de\/wp-content\/uploads\/2026\/01\/feier-datum.webp","width":1080,"height":1080},{"@type":"BreadcrumbList","@id":"https:\/\/www.robin-rick.de\/index.php\/hochzeit-feier\/#breadcrumb","itemListElement":[{"@type":"ListItem","position":1,"name":"Start","item":"https:\/\/www.robin-rick.de\/"},{"@type":"ListItem","position":2,"name":"Hochzeit Feier"}]},{"@type":"WebSite","@id":"https:\/\/www.robin-rick.de\/#website","url":"https:\/\/www.robin-rick.de\/","name":"Robin Rick Music","description":"","potentialAction":[{"@type":"SearchAction","target":{"@type":"EntryPoint","urlTemplate":"https:\/\/www.robin-rick.de\/?s={search_term_string}"},"query-input":{"@type":"PropertyValueSpecification","valueRequired":true,"valueName":"search_term_string"}}],"inLanguage":"de"}]}},"_links":{"self":[{"href":"https:\/\/www.robin-rick.de\/index.php\/wp-json\/wp\/v2\/pages\/103","targetHints":{"allow":["GET"]}}],"collection":[{"href":"https:\/\/www.robin-rick.de\/index.php\/wp-json\/wp\/v2\/pages"}],"about":[{"href":"https:\/\/www.robin-rick.de\/index.php\/wp-json\/wp\/v2\/types\/page"}],"author":[{"embeddable":true,"href":"https:\/\/www.robin-rick.de\/index.php\/wp-json\/wp\/v2\/users\/1"}],"replies":[{"embeddable":true,"href":"https:\/\/www.robin-rick.de\/index.php\/wp-json\/wp\/v2\/comments?post=103"}],"version-history":[{"count":52,"href":"https:\/\/www.robin-rick.de\/index.php\/wp-json\/wp\/v2\/pages\/103\/revisions"}],"predecessor-version":[{"id":203,"href":"https:\/\/www.robin-rick.de\/index.php\/wp-json\/wp\/v2\/pages\/103\/revisions\/203"}],"wp:attachment":[{"href":"https:\/\/www.robin-rick.de\/index.php\/wp-json\/wp\/v2\/media?parent=103"}],"curies":[{"name":"wp","href":"https:\/\/api.w.org\/{rel}","templated":true}]}}